3
Suppose -2*r = 5*j - 6, -4*j + 2*r + 3*r = 15. Let z(u) = -3*u**2 - u**2 + 62 - 68 + 5*u**2. Determine z(j).
-6
Let m(j) = j**3 + 21*j**2 + 40*j + 44. Let a be m(-19). Let x(z) = 4*z - 6. Let t(g) = 11*g - 18. Let s(p) = 3*t(p) - 8*x(p). Calculate s(a).
0
Let h(k) = 5*k + 8. Let t(m) = 14*m + 23. Let q(o) = 11*h(o) - 4*t(o). Calculate q(-6).
2
Suppose 3 = o + 6. Let b(y) = -y - 1. Let c(g) = g**2 + 9*g + 2. Let z(i) = 6*b(i) + c(i). Determine z(o).
-4
Suppose 10 = -r - 4*a, -a = -5*r - 6*a - 35. Let k(j) = j**3 + 6*j**2 + 2*j + 5. Give k(r).
-7
Let i be (3/(-6))/((-5)/50). Let j(o) = -i*o**2 + o + 0*o**2 + 4*o + 8 + 4*o**2. Determine j(6).
2
Let p(k) be the first derivative of k**2 - k - 215. Suppose -7*l = -2*l + 20. Determine p(l).
-9
Suppose 0*a + 4*a = 0. Suppose f + 2*f + 12 = a. Let d(b) = -b**2 - 5*b + 2. Calculate d(f).
6
Let x(f) = -2 - 7*f + f - 1 + 5*f**2. Let q(m) be the third derivative of -11*m**5/60 + m**4/2 + m**3 - 2*m**2. Let j(k) = -6*q(k) - 13*x(k). Determine j(-4).
-5
Suppose d = p + 4*p - 7, 5*d + 3*p = -35. Let g(t) = 6 + t**2 + 0 - 2*t**2 - 6*t. Let o be g(d). Let f(z) = -z + 1. What is f(o)?
2
Suppose -2*a + 0*a + 12 = 0. Let g = -3 + 9. Let b(i) = i + 4*i - g*i + 3. Give b(a).
-3
Let s(u) = u**3 + 4*u**2 - 8*u - 7. Let p be s(-5). Let w = p + -11. Let q(b) = -b**2 - b + 2. Calculate q(w).
-4
Let l(g) be the third derivative of g**6/120 - g**5/15 + g**4/12 - g**3/6 + g**2. Let m = -4 - -7. Calculate l(m).
-4
Suppose 0 = -3*l + 2*l. Let b(z) be the first derivative of -z**2/2 - 4. Give b(l).
0
Let c(x) be the third derivative of x**5/60 + 7*x**4/24 + 5*x**3/6 + 3*x**2. Calculate c(-6).
-1
Let p be 0/((-2)/(-2) + -3). Let i(f) = 2*f**2 + p*f**2 - 2*f + 0*f**2 + 7 - 6. Calculate i(2).
5
Let n be (-2 - 10)*2/(-6). Suppose 2*q + 3*l = 6, -n*q + 30 = -2*l - l. Let z(d) = -d - 1. Calculate z(q).
-7
Let d(p) = 2*p + 1. Suppose 0 = -4*w + 3*z - 27, 0 = -2*w + 5*z - 6 - 25. Give d(w).
-5
Let v = 1 + -1. Let c be ((-6)/(-3) + v)*-1. Let u(g) = -g**3 - 3*g**2 - 4*g - 3. Give u(c).
1
Let n(j) be the second derivative of -j**8/6720 + j**6/360 + j**5/40 + j**4/12 + 2*j. Let u(t) be the third derivative of n(t). Determine u(-2).
7
Let u(z) = 3*z - 2 + 2. Let j(s) = 3*s - 52. Let q be j(18). Determine u(q).
6
Let h(b) be the second derivative of -b**4/12 - b**3/2 - 3*b**2/2 + 5*b. Calculate h(-4).
-7
Let y(u) be the second derivative of -u**3/6 - 5*u. Let x(f) = -f - 8. Let l be x(-9). Calculate y(l).
-1
Suppose 4*c = 5*c - 1. Let r(i) = -3*i**3 - 1 - 2*i**2 + i + 1 + 7*i**3. Determine r(c).
3
Let l(w) be the third derivative of -w**4/12 - w**3/2 + 2*w**2. Suppose 0 = 6*y - 10 - 14. Determine l(y).
-11
Suppose 4*i + 4*m + 35 + 41 = 0, -2*m = -i - 34. Let f = 45 + i. Let j(v) = 6 + 5 + 20*v - f*v - 5. What is j(6)?
0
Let n(f) = -f**3 + 2*f**2 + 5*f - 2. Let v(k) = k**2 - 6*k + 2. Let x be v(6). Let w = x - 3. Let y be 1 - -1 - (w - 0). Determine n(y).
4
Let z be 3*(-3)/18*-2. Let f(t) = t**3 - 2*t**2 + 2*t - 1. Let u be f(z). Let h(d) be the first derivative of -d**2/2 - 9*d - 6. Determine h(u).
-9
Let y = 98 + -100. Let l(d) = d + 1. Calculate l(y).
-1
Let b = -1 + -1. Let n(m) = 8*m + 0 - 6*m - 2 + 3*m**2. Give n(b).
6
Let p(k) = k**2 - 7*k - 3. Let v = -34 - -41. Determine p(v).
-3
Let r(i) = 0*i**3 + 2*i**3 - 5*i**3. Let w(h) = 2*h + 17. Let j be w(-9). Give r(j).
3
Let g(t) = t - 8. Let y(d) = 1. Let o(k) = -g(k) - 6*y(k). Let r = -3 + 5. Give o(r).
0
Let k(b) = -6*b**2 - 46*b + 19. Let p(h) = -h**2 - 9*h + 4. Let n(j) = -2*k(j) + 11*p(j). Suppose 3*z + 33 = 3*c, -c + 7*z = 2*z - 31. Calculate n(c).
0
Let y = -23 - -38. Let v = -10 + y. Suppose -b = -3*b + 8, -5*m - 5 = -v*b. Let j(r) = -r**3 + r**2 + 4*r. What is j(m)?
-6
Let q = 17 + -11. Let f(n) = n**2 - 5*n + 5. What is f(q)?
11
Suppose 0 = -2*c + 5*c + 4*b + 24, -3*c - 24 = -b. Let f(y) = y - 5. Determine f(c).
-13
Let f(k) be the second derivative of -k**5/20 + 5*k**4/12 - 5*k**3/6 + k**2 + k. Let u be f(3). Let j(g) = g**2 + 39*g + 2 - 24*g - 22*g. Determine j(u).
-8
Suppose -5*t = -27 - 158. Let m = -24 + t. Suppose o + 11 = 3*l, 3*o + m = -0*l - l. Let r(p) = p + 5. What is r(o)?
0
Let p(i) be the second derivative of -i**3/6 + i**2 + 12*i. Give p(2).
0
Let x(q) = -39*q + 45*q + 1 + 0*q**2 - q**2. What is x(7)?
-6
Suppose -2 = d + 1. Let a(f) = 7*f - 1. Let t(k) = -3*k. Let r = -9 + 7. Let y(v) = r*a(v) - 5*t(v). Give y(d).
-1
Let y = -27 + 30. Let l(k) = -2*k**2 + 5*k - 2. Determine l(y).
-5
Let c be 3 - (3 + (1 - 2)). Let z(s) = -8*s - 1. Determine z(c).
-9
Let u(f) = -5*f**2 - 24*f - 11. Let g(v) = 6*v**2 + 27*v + 12. Let y(q) = 6*g(q) + 7*u(q). Let x be 4/(-14) + (-16)/(-7). Suppose -3*r + 30 = x*r. What is y(r)?
-5
Let x = 9 - 0. Let m = -13 + x. Let i(t) = 2 - 3*t - 4 - 2. Give i(m).
8
Suppose 4*v + 0 = -8. Let p(m) be the second derivative of m**3/6 + 3*m**2 - m. Let b(x) = -1. Let w(h) = 4*b(h) + p(h). Determine w(v).
0
Let q(a) = a**3 - 3*a**2 + 2. Let p = -3 + 5. Let r be (-8 + 1 + 0)/(-1). Suppose p*g - r*g = -10. Determine q(g).
-2
Let x(j) = -j**3 + 2*j**2 + j. Let m(v) = v**3 - 8*v**2 + 7*v - 1. Let n be m(7). What is x(n)?
2
Let j be -1 + 0 + (5 - 1). Suppose 4*u - 79 = 21. Suppose 5*o - 3 = -q - u, 4*o + 29 = j*q. Let p(v) = v**3 - v**2 - 3*v - 3. Give p(q).
6
Let l be (1/3)/((-1)/(-6)). Suppose -l*m + 6*m = 8. Let f(j) = 5*j**m + 0*j**2 - 3*j - 3 - 3*j**2. What is f(3)?
6
Let q(d) = -7*d**2 - 4*d + 3. Suppose 5*y = -6 - 9. Let c(x) = -8*x**2 - 5*x + 4. Let f(l) = y*q(l) + 2*c(l). Suppose p = -3*p + 4. What is f(p)?
6
Let p = -1 - -5. Let g(r) = -r**2 + r + 4. Give g(p).
-8
Let z(p) = p - 10. Let r be (-2)/4 - (-66)/12. Calculate z(r).
-5
Suppose -4*s + 4*w = -16, -22 = -4*s - 4*w + 34. Suppose -n + s = -4*b, 3*b - b + 15 = -3*n. Let m(y) = y**2 + y + 2. What is m(n)?
8
Suppose 0 = -4*k + 2*h + 8, -k - 5*h + 20 = -h. Let j(g) = -g**3 - 5*g + 0*g - g**2 + g**2 - 3*g**2 - k. Let y(t) = -t - 8. Let u be y(-5). Give j(u).
11
Let s(u) = -u**2 - 6*u - 6. Let t be s(-5). Let a be (-1 + 0 + 2)*2. Let h(d) = d - 5 + 3*d**a + 4 + 2. Calculate h(t).
3
Let t(k) = -11*k**2 + 19*k + 5. Suppose -5 = -4*c - 1. Let u be (6 - (1 - 1))*c. Let i(f) = -5*f**2 + 9*f + 2. Let w(l) = u*t(l) - 13*i(l). Determine w(-4).
0
Let b(a) be the third derivative of -a**6/120 + a**5/20 + a**4/24 - 2*a**2. Let w(z) = -z**3 - 8*z**2 - 7*z + 4. Let g be w(-7). Give b(g).
-12
Let s(i) = -i**2 + 3. Suppose -4*x + 11 = -1. Suppose -3*w = x*g - 3, 5*w - 14 = 3*w + 4*g. Calculate s(w).
-6
Let t(s) = 2*s + 3. Suppose 8*k = 3*k + r - 12, 0 = 4*k + 3*r + 21. Calculate t(k).
-3
Let n(q) = q**3 - 9*q**2 + 7*q + 8. Let u be n(8). Let h(y) = -y**2 - y + 1. What is h(u)?
1
Suppose -3*y - y = -12. Let r(v) = y + 2*v + 6 - 3*v - 1. Calculate r(0).
8
Let t = 3 + -2. Let i(q) be the second derivative of -q**4/6 - q**3/3 + 6*q. Let p(d) = d. Let h(v) = i(v) + p(v). What is h(t)?
-3
Let o = 2 + 2. Suppose -o = 4*j - 4*y, -j + 2*y - 1 = -0. Let r = j + 0. Let l(u) = -u. Determine l(r).
1
Let a(n) = -2*n**2 - 2*n - 3. Let l(i) = -i**2 - i - 1. Let k(v) = 3*a(v) - 8*l(v). What is k(2)?
11
Let j(y) = 4*y + 5 - 2*y - 10 + 6. Give j(-2).
-3
Suppose -30 = -4*b - 2. Let p(n) = -n**2 + 8*n - 8. Calculate p(b).
-1
Let j be 0/(1 + (0 - 2)). Suppose 0 = -j*i - 5*i - 5. Let o(a) = a**3 + a**2 - a - 1. What is o(i)?
0
Let g = 17 + -14. Let j(r) = -r + 2. Calculate j(g).
-1
Let d(i) = -8*i. Let v be -4 + (0 + 2 + -3)/(-1). Give d(v).
24
Let t be (-4 - 2)*2/(-3). Let q(f) = -f. Let d(v) = 2*v - 8. Let c(w) = -d(w) - q(w). Determine c(t).
4
Let b be (-10)/65 - 2/(-13). Let m be (-5)/10*(b + 12). Let o(g) = -g**2 - 6*g - 7. What is o(m)?
-7
Suppose -10*v = -8*v - 12. Let y(j) = j**3 - 5*j**2 - 7*j + 8. Give y(v).
2
Suppose -2*l - 4*a - 35 = a, 2*l + 20 = -2*a. Let d(m) = m**2 - 6 - 2*m**2 - 7*m + 0*m. Calculate d(l).
4
Let x(r) be the first derivative of r**4/4 - 2*r**3 + 5*r**2/2 - 4*r + 8. Give x(4).
-16
Let u(z) = z**2 - 3*z - 1. Let t be u(4). Let x(b) = 2*b + b - t*b - 3*b - 6. Calculate x(-4).
6
Let z(t) = -t**3 - 4*t**2 + 2. Suppose -3*o = k + 11, -5*o - 6 = -4*k + 18. Let q = -3 + k. Give z(q).
-6
Let o(c) = c**3 + 13*c - 3 + 6*c**2 - 20*c + 6*c. Determine o(-6).
3
Let y be (9/(-6))/(3/(-4)). Let g(l) = -l**2 + 1 -